 324215585?
3
What is the ten thousands digit of 36714020?
1
What is the tens digit of 2886386043?
4
What is the hundred millions digit of 5748509772?
7
What is the units digit of 14443311?
1
What is the units digit of 6756224280?
0
What is the ten millions digit of 1474517507?
7
What is the ten millions digit of 72065034?
7
What is the thousands digit of 380804154?
4
What is the ten thousands digit of 331293132?
9
What is the millions digit of 410695544?
0
What is the hundreds digit of 21384711?
7
What is the thousands digit of 61263249?
3
What is the ten millions digit of 24341820?
2
What is the ten thousands digit of 6450429841?
2
What is the millions digit of 119768815?
9
What is the thousands digit of 409374142?
4
What is the millions digit of 64063274?
4
What is the hundred millions digit of 253468266?
2
What is the hundred thousands digit of 206715909?
7
What is the millions digit of 624502364?
4
What is the millions digit of 1231900595?
1
What is the thousands digit of 515638833?
8
What is the hundreds digit of 46800544?
5
What is the hundred thousands digit of 3520577994?
5
What is the tens digit of 82416530?
3
What is the ten millions digit of 107309202?
0
What is the thousands digit of 3094781?
4
What is the ten thousands digit of 897173439?
7
What is the hundred thousands digit of 40569079?
5
What is the ten millions digit of 244618974?
4
What is the tens digit of 50549273?
7
What is the hundreds digit of 106126771?
7
What is the tens digit of 119887747?
4
What is the hundreds digit of 194464018?
0
What is the hundreds digit of 263234383?
3
What is the hundred thousands digit of 48935375?
9
What is the units digit of 227757050?
0
What is the hundred thousands digit of 171448082?
4
What is the hundreds digit of 3363935?
9
What is the hundred thousands digit of 293858935?
8
What is the hundred thousands digit of 1510192539?
1
What is the hundred millions digit of 102323491?
1
What is the ten thousands digit of 1238040983?
4
What is the millions digit of 176533234?
6
What is the units digit of 6703511483?
3
What is the billions digit of 1530691109?
1
What is the ten thousands digit of 527932180?
3
What is the hundred millions digit of 344861113?
3
What is the ten millions digit of 86825674?
8
What is the billions digit of 2372979600?
2
What is the ten thousands digit of 305029002?
2
What is the hundred millions digit of 120362712?
1
What is the units digit of 45688788?
8
What is the ten millions digit of 152163446?
5
What is the ten thousands digit of 107165778?
6
What is the millions digit of 43312418?
3
What is the hundred thousands digit of 7631777?
6
What is the ten millions digit of 449931945?
4
What is the hundred millions digit of 2267710529?
2
What is the hundred thousands digit of 84853210?
8
What is the tens digit of 2877729?
2
What is the units digit of 99579982?
2
What is the units digit of 89373449?
9
What is the tens digit of 578039484?
8
What is the units digit of 95056612?
2
What is the ten millions digit of 20434594?
2
What is the thousands digit of 705832825?
2
What is the units digit of 814184528?
8
What is the hundred millions digit of 5917091774?
9
What is the thousands digit of 184406037?
6
What is the ten thousands digit of 102486615?
8
What is the hundred thousands digit of 74587101?
5
What is the millions digit of 76415239?
6
What is the thousands digit of 513953050?
3
What is the tens digit of 262970626?
2
What is the hundred thousands digit of 188366896?
3
What is the ten thousands digit of 126532475?
3
What is the ten millions digit of 80886156?
8
What is the thousands digit of 1274190219?
0
What is the thousands digit of 185171478?
1
What is the millions digit of 216845906?
6
What is the ten millions digit of 804609562?
0
What is the tens digit of 3766614316?
1
What is the billions digit of 5792149525?
5
What is the thousands digit of 742140759?
0
What is the tens digit of 28172365?
6
What is the hundreds digit of 32594463?
4
What is the ten thousands digit of 9976099?
7
What is the units digit of 189662857?
7
What is the ten thousands digit of 1370590167?
9
What is the millions digit of 3030598774?
0
What is the tens digit of 42156029?
2
What is the hundred thousands digit of 27020548?
0
What is the millions digit of 195246980?
5
What is the hundred millions digit of 671343057?
6
What is the hundred millions digit of 852347308?
8
What is the hundreds digit of 224124051?
0
What is the hundreds digit of 158904345?
3
What is the ten thousands digit of 42090502?
9
What is the ten thousands digit of 1210534641?
3
What is the tens digit of 379586996?
9
What is the units digit of 803126417?
7
What is the ten millions digit of 699775408?
9
What is the billions digit of 1436209478?
1
What is the tens digit of 102990326?
2
What is the units digit of 9010040372?
2
What is the hundred thousands digit of 94778354?
7
What is the ten millions digit of 19007591?
1
What is the hundreds digit of 2955854342?
3
What is the hundreds digit of 1132424008?
0
What is the hundred millions digit of 979525559?
9
What is the ten thousands digit of 7631431?
3
What is the units digit of 67297882?
2
What is the units digit of 1764133357?
7
What is the hundreds digit of 140498963?
9
What is the units digit of 3023402545?
5
What is the millions digit of 2362990127?
2
What is the units digit of 29127046?
6
What is the ten thousands digit of 578909338?
0
What is the hundreds digit of 410648956?
9
What is the tens digit of 551206387?
8
What is the hundreds digit of 324916606?
6
What is the hundred thousands digit of 952181018?
1
What is the millions digit of 868635556?
8
What is the millions digit of 305379878?
5
What is the tens digit of 137160256?
5
What is the tens digit of 80252767?
6
What is the thousands digit of 107553972?
3
What is the millions digit of 16585384?
6
What is the ten millions digit of 20756298?
2
What is the hundreds digit of 460633968?
9
What is the thousands digit of 302893709?
3
What is the thousands digit of 43246181?
6
What is the units digit of 61043561?
1
What is the millions digit of 100788061?
0
What is the hundred thousands digit of 1061211222?
2
What is the ten thousands digit of 14994891?
9
What is the units digit of 771581993?
3
What is the ten millions digit of 99587151?
9
What is the ten thousands digit of 5623626068?
2
What is the hundred millions digit of 906641064?
9
What is the hundreds digit of 3767749139?
1
What is the millions digit of 2137696583?
7
What is the tens digit of 1117386270?
7
What is the hundred thousands digit of 323312903?
3
What is the thousands digit of 1029169559?
9
What is the ten thousands digit of 2291871528?
7
What is the millions digit of 73614756?
3
What is the units digit of 10287381?
1
What is the ten millions digit of 60140697?
6
What is the tens digit of 5512856463?
6
What is the ten thousands digit of 2181055087?
5
What is the units digit of 53399025?
5
What is the ten thousands digit of 58469833?
6
What is the hundreds digit of 1559498863?
8
What is the hundred thousands digit of 2553362?
5
What is the hundreds digit of 4800173667?
6
What is the hundred thousands digit of 925517478?
5
What is the ten thousands digit of 40672625?
7
What is the ten thousands digit of 84738348?
3
What is the thousands digit of 58466362?
6
What is the hundreds digit of 44618944?
9
What is the tens digit of 15747911?
1
What is the hundreds digit of 3733124167?
1
What is the tens digit of 4129286?
8
What is the units digit of 103427278?
8
What is the millions digit of 1077285210?
7
What is the ten millions digit of 115300810?
1
What is the hundreds digit of 43579249?
2
What is the units digit of 32421586?
6
What is the tens digit of 2226755156?
5
What is the ten thousands digit of 195834797?
3
What is the ten thousands digit of 978871070?
7
What is the hundred millions digit of 3308880136?
3
What is the tens digit of 115454669?
6
What is the hundreds digit of 514805859?
8
What is the ten millions digit of 46835779?
4
What is the ten thousands digit of 25151638?
5
What is the units digit of 56851963?
3
What is the tens digit of 29564372?
7
What is the thousands digit of 3008250599?
0
What is the units digit of 644436894?
4
What is the hundred millions digit of 326214035?
3
What is the hu